ppose 698*i = 708*i - 3420. Calculate the greatest common factor of i and 9.
9
Suppose 2*c - 5*n = 601, -3*n - 19 = -4. Suppose 45 = 2*s - 27. Calculate the highest common factor of c and s.
36
Let r be (-18)/(-22) - (-4)/22. Let g be (9*3/36)/(r/160). What is the highest common factor of g and 80?
40
Suppose 2*p + 4*x = 68, 3*p - 36 = -4*x + 76. Let r = -1290 - -1301. What is the highest common divisor of r and p?
11
Let f = 979 - 971. Let y(q) = -q**3 + 4*q**2 + 6*q + 7. Suppose -3*z + 10 = -5. Let t be y(z). What is the highest common divisor of f and t?
4
Let d(j) = 15*j - 43. Let n be d(5). What is the highest common divisor of n and 3?
1
Suppose 3*o = 11*o + 120. Let v be -5 + (-430)/o*3. What is the greatest common divisor of v and 54?
27
Let w(v) = v**2 + v - 2. Let h be w(2). Suppose t = r + h, t - 4*r + 4 = -r. Calculate the highest common factor of 4 and t.
4
Let w = 105 - 103. Suppose c - w*f = 41, -3*c = -0*f - 4*f - 127. What is the greatest common factor of c and 30?
15
Suppose 53*h - 54*h + 621 = 0. What is the highest common divisor of h and 23?
23
Suppose 1379 = 5*o + t, 767 = 5*o - 4*t - 617. Suppose -10*k + o - 16 = 0. Calculate the greatest common divisor of 39 and k.
13
Let u = -3 - -5. Let a(z) = -5 + 1942*z - 973*z - 964*z. Let s be a(u). Calculate the highest common divisor of s and 10.
5
Let b be 12/(-8) + 177/6. Suppose -4 - b = 4*q. Let g(h) = -2*h + 6. Let w be g(q). What is the greatest common divisor of 2 and w?
2
Let w = -97 - -177. Let u(v) = -v**3 + 6*v**2 - 9*v + 14. Let m be u(4). What is the greatest common divisor of w and m?
10
Let q be (46/(-4) - 1)*108/(-45). Let b(u) = u**3 - 1. Let v be b(1). Suppose -p + 45 = -v*p. What is the highest common factor of p and q?
15
Let r = 203 - 188. What is the greatest common divisor of 15 and r?
15
Let l(i) be the second derivative of 7*i**4/4 - 4*i**3/3 - 2*i**2 + 19*i. Let s be l(-3). Calculate the highest common factor of 19 and s.
19
Suppose -5*d + 833 = 173. Suppose 78 = 24*h - 210. What is the highest common factor of h and d?
12
Let g(p) = -p**3 - 8*p**2 - 10*p + 3. Let v be g(-7). Let r be (v/(-20))/(6/(-360)). What is the greatest common factor of r and 48?
24
Let j(v) = -v**3 - 7*v**2 + 4*v + 8. Let c be j(-6). Let i = 75 + c. What is the highest common divisor of i and 23?
23
Suppose 3*x + 2*x - 175 = -s, -5*s = 0. Let a = -12 + 48. Let z = a - x. Calculate the greatest common factor of z and 9.
1
Suppose -4*y = -9*y - 2*d + 30, -13 = 3*y - 5*d. Let s(b) = -5*b - 63. Let x be s(-19). Suppose 29 = -3*m + x. What is the highest common divisor of y and m?
1
Suppose 10*n - 47 = 513. What is the greatest common factor of 896 and n?
56
Let s be (-2)/(-3)*6/4. Suppose 0 = -2*z + 4*l + 2, 0 - 40 = -4*z - l. What is the greatest common factor of s and z?
1
Let p(a) = 0*a - a - 28 + 25 - 2*a. Let k be p(-3). Calculate the greatest common divisor of k and 15.
3
Suppose 0 = 22*d - 284 - 288. What is the greatest common factor of d and 4?
2
Let c be 3/(2/30*45/81). Calculate the greatest common factor of 27 and c.
27
Suppose 11*m + 1705 = -20*m. Let j be (190/8)/(2/8). Let s = m + j. What is the highest common divisor of s and 16?
8
Suppose 21 = a + 3*w, -3*a + a = 3*w - 27. Let s(y) = -y**2 + 8*y - 1. Let m be s(a). Suppose 17 - 39 = -2*c. What is the highest common divisor of c and m?
11
Suppose 11 - 26 = -5*f. Suppose -4*m = -55 + f. Calculate the greatest common divisor of 13 and m.
13
Suppose -298 = -5*c - 4*z, z = -c - 2*z + 64. Suppose -3*g - 4*r + 170 = r, -g + c = 3*r. Calculate the highest common divisor of 11 and g.
11
Let r = -492 + 558. What is the highest common divisor of 12 and r?
6
Let g(p) = -p**3 + 26*p**2 + 6*p + 61. Let f be g(26). Calculate the greatest common factor of 124 and f.
31
Let r be ((-7)/((-70)/(-8)))/2 + 19458/45. Let a(n) = 14*n - 2. Let y be a(4). What is the greatest common factor of r and y?
54
Let f(j) = 2*j - 17. Let b be f(6). Let z be 4/(-4 - b - 0). Calculate the greatest common divisor of z and 36.
4
Let c(t) = 5*t**2 - t - 6. Let f(u) = -u**3 + 7*u**2 - 10*u - 4. Let w be f(4). Let j be c(w). What is the highest common divisor of j and 105?
35
Suppose 4*x + 29 = i - 7, -3*i = -2*x - 138. Calculate the greatest common divisor of 30 and i.
6
Suppose -480 = -60*a - 60*a. Let b be (-1)/((-2)/4*2). Calculate the greatest common factor of a and b.
1
Suppose 0 = k + 3*k - 12. Suppose -2*q + 388 = 5*d, k*d - 8*d + 391 = -q. Calculate the greatest common factor of d and 39.
39
Let i be 1788/9 + 4/(-6). What is the greatest common factor of i and 44?
22
Suppose 0 = -5*o - 15, -2*l + 6*o - 2*o + 708 = 0. Calculate the greatest common divisor of 12 and l.
12
Suppose 3*v - 2*y = 150, 0 = -2*v + y + 4*y + 89. Suppose 0 = 3*o + o - v. Suppose -o = -5*j + 2. What is the greatest common factor of 3 and j?
3
Let h(q) = 4*q + 812. Let g be h(17). Calculate the greatest common factor of 4 and g.
4
Let k(j) be the third derivative of 2*j**5/15 + j**4/6 - j**3/6 + 4*j**2. Let u = -3 - -1. Let d be k(u). What is the highest common factor of 184 and d?
23
Let t = -1642 + 2194. What is the highest common factor of 23 and t?
23
Let s(d) = d**3 - 4*d**2 - 14*d + 21. Let y be s(6). Let j = -20 + 35. Let i be 42/(-35)*j/(-2). Calculate the greatest common divisor of i and y.
9
Let b = 253 + -231. What is the highest common divisor of 154 and b?
22
Suppose -39*u = -34*u - 270. Suppose a = -l + 41, 0 = 4*l + 3*a - 0*a - 159. Calculate the highest common factor of u and l.
18
Let q be 5/1*8/5. Suppose 4*x + 226 = -390. Let s be (x/10 + 1)/((-13)/65). Calculate the greatest common factor of q and s.
8
Suppose 0 = -0*p - p + 3. Let h(i) = i**3 + i + 15. Let b be h(0). What is the highest common divisor of b and p?
3
Let q(x) = -24*x - 48. Let b be q(-4). Let t = -23 + 35. Calculate the highest common factor of t and b.
12
Let l be ((-32515)/(-55) - -4) + (-4)/22. Calculate the highest common divisor of 70 and l.
35
Suppose 0 = -4*f + 2*f + 656. Suppose 26*h - 984 = 8*h - 6*h. What is the highest common divisor of h and f?
41
Suppose -288*r + 278*r + 90 = 0. What is the greatest common factor of 1107 and r?
9
Let t = 4 - -5. Let m = -101 + 107. Calculate the highest common divisor of m and t.
3
Suppose 2*v - j - 3 = 0, -j = 3*v + 10 - 2. Let d(w) = -180*w. Let i be d(v). What is the greatest common factor of 72 and i?
36
Let q(f) = -f**2 - 21*f + 22. Let x be q(-20). Suppose 2*o = 6*o + 3*l - x, -5*l = -3*o + 17. Calculate the greatest common factor of 99 and o.
9
Let x be (13 - 444/36)/(2/2001). What is the greatest common divisor of x and 29?
29
Let q be 3368/10 + (-5)/(-100)*-16. What is the highest common factor of 28 and q?
28
Let b(t) = t**3 + t**2 - 28*t + 72. Let w be b(4). Calculate the highest common factor of 770 and w.
10
Suppose 2*a + 2*p - 927 = 7*p, 4*p + 456 = a. Calculate the greatest common divisor of a and 68.
68
Suppose 23 = -4*d - 5*m, d - 5*m + 3 = 16. Let r = 12 - 21. Let z = d - r. What is the greatest common factor of 7 and z?
7
Let l(o) be the third derivative of -7*o**4/24 - o**3/2 - 6*o**2. Let a be l(-12). Calculate the highest common factor of 9 and a.
9
Let u(c) = 182*c**3 + 2*c**2 + 7*c - 11. Let i be u(2). What is the greatest common factor of i and 9?
9
Suppose -6*v = -477 + 237. What is the greatest common factor of v and 920?
40
Suppose 1374 = 4*o - 2*p, -4*p - 147 = -151. What is the greatest common factor of 8 and o?
8
Let y(t) = -t**2 + 5*t. Let o be y(5). Suppose -232 = -a - o*a. What is the greatest common divisor of 29 and a?
29
Suppose 3*m = 6, -5*l + 3*m + 15 = 8*m. What is the greatest common factor of l and 11?
1
Let z be (-24)/(-16) - 23/(-2). Suppose -z = 3*u + 14. Let i(b) = -b**3 - 9*b**2 + 8. Let r be i(u). What is the highest common factor of r and 1?
1
Suppose 0 = -3*a + z + 45, 4*a - 60 = -23*z + 28*z. What is the greatest common divisor of a and 39?
3
Suppose 0 = -26*o + 5251 + 3485. What is the greatest common divisor of o and 63?
21
Suppose -4*w + 9 = -r - 11, 3*w + 4*r = 34. Calculate the greatest common divisor of w and 2.
2
Let k be ((-9)/(-15))/(5/25). Let r be (k/(-2) + 3)*-4. Let l = r - -18. Calculate the greatest common factor of 18 and l.
6
Suppose 2*g = -3*m - 18, 2*g - 19 = 2*m + g. Let